prime factors of n?
2, 11
Let b be (-36)/(-2)*-1 + 0. Let l be b/(-8)*(2 - -6). Suppose 2*x - l - 4 = 0. What are the prime factors of x?
11
Suppose -4*b - 4*u = 0, -4*b + 3*u = -20 + 6. List the prime factors of (-10)/(-1 + (2 - b)).
2, 5
Let q(s) = s**2 - 1. Let z be q(-1). Suppose z = -4*v - 3*u - 59, -u - u - 45 = 3*v. Let d = v + 28. List the prime factors of d.
11
Suppose 7*o + 162 = 10*o. What are the prime factors of o?
2, 3
Suppose 0 = 2*f + 3*f - 50. List the prime factors of f.
2, 5
Let b = -469 - -717. What are the prime factors of b?
2, 31
Let r be (2/4)/((-5)/(-40)). Let v = r - 4. Suppose n + 4 = j + 7, v = -4*j + 4. What are the prime factors of n?
2
Let r = 29 - -11. Let n = -10 - -50. Suppose 0 = -5*c - j + n, -2*c - 3*c - 2*j = -r. List the prime factors of c.
2
Let s(h) = 3*h - 6. Let m be s(4). Let a be 374/(-18) - m/27. What are the prime factors of (-4)/6 - 455/a?
3, 7
Let o(v) = -3*v + 16*v**2 - 1 + 0*v + 3*v - v. Let p be o(-1). Suppose -t + 5 = -2*r - r, 2*t - p = 3*r. What are the prime factors of t?
11
Let p = -94 + 52. Let c = -23 - p. Suppose -3*z = 5*w - 25, 0*z - c = 3*w - 5*z. List the prime factors of w.
2
Let c(l) = 4*l. Let r be c(2). Let j = r - 5. Suppose 0 = 3*o + j*k, 2*k - 6*k - 12 = -2*o. What are the prime factors of o?
2
Let b(d) = -d**2 + 10*d + 5. What are the prime factors of b(8)?
3, 7
Suppose 2*d - 119 + 25 = 0. Let l = d - 4. What are the prime factors of l?
43
Let w be (1 + 2)*(-6)/9. Let l be (6 + w)*(-2)/(-4). Suppose -l*y = 8, 5*y + 5 + 37 = 2*a. List the prime factors of a.
11
Suppose -3*y + 25 = -5. Let o = 27 - y. List the prime factors of o.
17
Let p be (-5 - -6) + (-1)/(-1). Suppose u - 4 = p. List the prime factors of u.
2, 3
Let n be (-10)/15 - (-74)/3. What are the prime factors of n/((6/9)/1)?
2, 3
Let r be -1 + 2 + (42 - 5). Let p = r - 14. What are the prime factors of p?
2, 3
Let s(z) = -3*z - 6. Let b(v) = -v - 2. Let r be b(-1). Let x = -6 - r. List the prime factors of s(x).
3
Let o = -5 + 8. Suppose -o*p - 2*p = 10. List the prime factors of (p - -8)*(2 - 0).
2, 3
Let c = 0 - -2. Let x(s) = s + 1. Let y be x(-1). Suppose m + 5*o + 24 - c = 0, -2*m + 5*o + 31 = y. List the prime factors of m.
3
Suppose -6*k + 2*k = -52. Suppose -2*p + k = -15. List the prime factors of p.
2, 7
Let j be (-5)/((-10)/12) + 0. Suppose -3*i + j = -3. Let p = i + 2. What are the prime factors of p?
5
Let q be (2 - -6*1) + -3. Suppose 3*t = -q*n + 2*t + 14, 3*n - t = 10. What are the prime factors of n?
3
Let g = 73 - 123. Let h = 71 + g. List the prime factors of (-6)/h - (-135)/7.
19
Let i(q) = -q**2 - 7*q - 9. Let c be i(-6). Let y be (1/c)/((-3)/(-18)). Let u(f) = 4*f**2 + 4*f + 2. List the prime factors of u(y).
2, 5
Let h(d) = 5*d**3 + 4*d**2 - 4*d - 1. Let p(c) = c**3 - c. Let u(y) = h(y) - 6*p(y). List the prime factors of u(4).
7
Let r be 0 + 2 - (0 + -3). Suppose r*x + 0*x = -35. What are the prime factors of (3 + x - -3)*-17?
17
Suppose -12 = -4*i - r, 4*r + 1 - 13 = -4*i. Suppose f + 3*s + 40 = 5*f, -i*s = f - 25. Let v = 2 + f. What are the prime factors of v?
3, 5
Let f(g) = 3*g + 3. Let l be f(5). Let q = l - 30. Let z = 17 + q. List the prime factors of z.
5
Let h = -2 - -7. Suppose -h*n - 15 = -5*k, 4*n - 3*n = -5*k - 3. Suppose -3 = -p - k. List the prime factors of p.
3
Let m be 1/(2*(-2)/4). Let n be 2/(-5) - 8/5. List the prime factors of n + m + 3 + 7.
7
Let m = 102 - -77. What are the prime factors of m?
179
Suppose 45 = -2*h + 275. What are the prime factors of h?
5, 23
Let w = 291 + -139. Suppose -2*a - w = -6*a. What are the prime factors of a?
2, 19
Let x be (-2 - -1) + -2 + 1. Let l be (x/3)/(4/(-90)). What are the prime factors of l*(1 - (3 + -3))?
3, 5
Let b(g) = -g**3 + 12*g**2 - 5*g + 18. What are the prime factors of b(9)?
2, 3
Suppose 0 = -3*m - 1 - 5. Let o(q) = -2*q**3 + q**2 - 3*q - 2. List the prime factors of o(m).
2, 3
Let s(o) = o**3 - o**2 + 2*o + 1. Let r(m) = 2*m**3 - m**2 + 2*m - 1. Let h be r(1). List the prime factors of s(h).
3
Suppose -3*u + 4*f + 6 = 0, 4*u - 2 = 2*f - 4. Suppose 5*i + 6 = 1. What are the prime factors of (0 - 13)*i + u?
11
Let y(t) = -3*t**3 + 2. Let d(g) = -5*g**3 + 5. Let p(q) = 2*d(q) - 5*y(q). List the prime factors of p(1).
5
Let r(j) = j - 1. Let w(t) = -4*t**2 - 4*t + 4. Let i(n) = -3*r(n) - w(n). What are the prime factors of i(-2)?
13
Let q(f) be the first derivative of -f**5/10 - f**4/3 - f**3/3 + 2*f - 2. Let p(t) be the first derivative of q(t). List the prime factors of p(-2).
2
Suppose 4*k - 3*a + 7 = 0, -5 = -3*a + 2*a. Suppose -4*m = k*c - 58, m - 2 - 20 = -3*c. List the prime factors of m.
13
Suppose -2*c - 350 = -f - 102, 3*f - 3*c - 735 = 0. List the prime factors of f.
2, 11
Suppose 0 = -3*a + 2*c + 111, 5*a + 3*c - 2*c - 185 = 0. Suppose 5*k - a = 2*l, 2*l = 4*k - 9 - 19. Suppose -3 - k = -4*b. What are the prime factors of b?
3
Let p(x) = -6*x + 40. Let j(r) = r - 8. Let y(b) = 16*j(b) + 3*p(b). List the prime factors of y(-9).
2, 5
Let j(p) = p**2 + 4*p + 16. What are the prime factors of j(7)?
3, 31
Suppose 7 = 3*p - 2. Suppose b - 5*r + r = 30, -4*b - p*r = -25. List the prime factors of b.
2, 5
Let o = 292 - 169. List the prime factors of o.
3, 41
Let c = 8 + -8. Suppose 2*i - 2*w + c*w = 12, 3*w = -15. What are the prime factors of 1 - i*(-16 - -2)?
3, 5
Let o be (20/(-6))/(18/(-27)). Suppose o*t - 152 = -7*n + 3*n, 2*t - 62 = -n. What are the prime factors of t?
2
Let a(j) = -j**3 + 5*j**2 + 7*j. Let d be a(5). Let p = 22 - d. Let k = p - -21. List the prime factors of k.
2
Let m = 12 - -14. List the prime factors of m.
2, 13
Let l = 88 - 64. List the prime factors of l.
2, 3
Let m = -50 + 5. Let k = 72 + m. List the prime factors of k.
3
Let n(a) = -a**3 + 2*a**2 + 2*a - 1. Let t be n(2). Suppose 75 = t*u - 33. Let x = u - 26. What are the prime factors of x?
2, 5
Let c be (-123)/12 - (-9)/(-12). Let s = -7 - c. List the prime factors of s.
2
Suppose 2*o + o = 3. Suppose 5*z + o = 126. List the prime factors of z.
5
Let x(f) = 2*f - 1. Let y be x(-2). Let k = 11 - y. List the prime factors of k.
2
Let w(o) = -6*o - 1. What are the prime factors of w(-8)?
47
Let t be (-8)/((2*-2)/4). Suppose 0 = t*v - 3*v - 35. What are the prime factors of v?
7
Let m = 4 + -5. Let r = 7 - m. Let q(u) = u**2 - 8*u + 2. List the prime factors of q(r).
2
Suppose w - 4*z = -5*z + 47, 3*w - 137 = -z. List the prime factors of w.
3, 5
Suppose 0 = 3*g + 6 - 9. What are the prime factors of (-114)/12*(-4)/g?
2, 19
Let x be 2696/10 - (-10)/25. Suppose -k - 4*k = 4*s - 272, -5*k + x = 5*s. What are the prime factors of k/6 - 8/(-12)?
2, 5
Let a(b) = -b + 6. Let k be a(13). Let y(q) = 3*q. Let z be y(4). Let j = z + k. What are the prime factors of j?
5
Suppose 1 = x, 0 = -5*r - 0*r - 2*x - 18. Let p(m) = m**2 + 3*m - 5. Let q be p(r). What are the prime factors of (-1)/(-1*q/(-7))?
7
Let k(y) = y**2 + y. Let p be k(-2). Let v be 0 - (p + (1 - 2)). Let b = 11 + v. What are the prime factors of b?
2, 5
Let p = 31 + -21. Suppose -5*c + 0*c = p. Let w = 5 + c. List the prime factors of w.
3
List the prime factors of (-191)/(-9) - 4/18.
3, 7
Let s = -3 - -78. What are the prime factors of s?
3, 5
Let k(r) = 4*r**2 + 2*r + 5. List the prime factors of k(-2).
17
Let y = 16 - 18. What are the prime factors of (-2 - y)/3 + 16?
2
Suppose 0*l = -5*o + l + 20, 4 = o + 5*l. Let a be 2/4*o - -3. Suppose 23 = a*j + 4*w, -3*j - 3 + 27 = -w. List the prime factors of j.
7
What are the prime factors of (-12)/3 - 2*-17?
2, 3, 5
Let m be 1/(-5) - 5/(-25). Suppose -3*h + 6 + 129 = m. List the prime factors of h.
3, 5
Let y = 88 + 128. List the prime factors of y.
2, 3
Let t(n) = -n**2 + 5*n - 1. Let a be t(4). Suppose -a = -3*f + 33. Suppose -2*c + 5*z + 6 = 0, 0*c + z = -4*c + f. List the prime factors of c.
3
Suppose 0 = 5*v - 0*v - 135. What are the prime factors of v?
3
Let a = 3 - -1. Suppose 5*s - 2*v - 37 = 0, -a*v + 15 = 4*s - 9. What are the prime factors of s?
7
Suppose -3*x + 0*x = 0, 3*x = -2*o + 106. List the prime factors of o.
53
Let h(v) = v**3 + 7*v**2 - v - 5. Let a be h(-7). Let o = -2 - a. List the prime factors of 12/18*(-42)/o.
7
Let g = -113 + 190. List the prime factors of g.
7, 11
Suppose 5 = -y, -5*y - 4 = -o + 26. Suppo